{"id":115,"date":"2022-08-19T21:56:53","date_gmt":"2022-08-19T19:56:53","guid":{"rendered":"http:\/\/oasl.org\/new\/?page_id=115"},"modified":"2025-06-09T20:23:24","modified_gmt":"2025-06-09T18:23:24","slug":"musiques","status":"publish","type":"page","link":"http:\/\/oasl.org\/new\/index.php\/musiques\/","title":{"rendered":"Musiques"},"content":{"rendered":"\n<a id=\"Gala 2025\"><h2>Gala 2025<\/h2><\/a>\n\n\n\n<table>\n  <tbody><tr>\n    <td><a href=\"http:\/\/oasl.org\/new\/index.php\/videos\/#Gala 2025\">Les vid\u00e9os<\/a><\/td>\n    <td><a href=\"http:\/\/oasl.org\/new\/index.php\/photos\/#Gala 2025\">Les photos<\/a><\/td>\n  <\/tr>\n<\/tbody><\/table>\n\n\n<div id=\"audioigniter-1162\" class=\"audioigniter-root \" data-player-type=\"full\" data-tracks-url=\"http:\/\/oasl.org\/new\/?audioigniter_playlist_id=1162\" data-display-track-no=\"true\" data-reverse-track-order=\"false\" data-display-tracklist-covers=\"true\" data-display-active-cover=\"true\" data-display-artist-names=\"true\" data-display-buy-buttons=\"false\" data-buy-buttons-target=\"false\" data-cycle-tracks=\"false\" data-display-credits=\"false\" data-display-tracklist=\"true\" data-allow-tracklist-toggle=\"true\" data-allow-tracklist-loop=\"true\" data-limit-tracklist-height=\"true\" data-volume=\"50\" data-tracklist-height=\"185\" ><\/div>\n\n\n\n<a id=\"Gala 2024\"><h2>Gala 2024<\/h2><\/a>\n\n\n\n<table>\n  <tbody><tr>\n    <td><a href=\"http:\/\/oasl.org\/new\/index.php\/videos\/#Gala 2024\">Les vid\u00e9os<\/a><\/td>\n    <td><a href=\"http:\/\/oasl.org\/new\/index.php\/photos\/#Gala 2024\">Les photos<\/a><\/td>\n  <\/tr>\n<\/tbody><\/table>\n\n\n<div id=\"audioigniter-1049\" class=\"audioigniter-root \" data-player-type=\"full\" data-tracks-url=\"http:\/\/oasl.org\/new\/?audioigniter_playlist_id=1049\" data-display-track-no=\"true\" data-reverse-track-order=\"false\" data-display-tracklist-covers=\"true\" data-display-active-cover=\"true\" data-display-artist-names=\"true\" data-display-buy-buttons=\"false\" data-buy-buttons-target=\"false\" data-cycle-tracks=\"false\" data-display-credits=\"false\" data-display-tracklist=\"true\" data-allow-tracklist-toggle=\"true\" data-allow-tracklist-loop=\"true\" data-limit-tracklist-height=\"true\" data-volume=\"50\" data-tracklist-height=\"185\" ><\/div>\n\n\n\n<a id=\"Gala 2023\"><h2>Gala 2023<\/h2><\/a>\n\n\n\n<table>\n  <tbody><tr>\n    <td><a href=\"http:\/\/oasl.org\/new\/index.php\/videos\/#Gala 2023\">Les vid\u00e9os<\/a><\/td>\n    <td><a href=\"http:\/\/oasl.org\/new\/index.php\/photos\/#Gala 2023\">Les photos<\/a><\/td>\n  <\/tr>\n<\/tbody><\/table>\n\n\n<div id=\"audioigniter-971\" class=\"audioigniter-root \" data-player-type=\"full\" data-tracks-url=\"http:\/\/oasl.org\/new\/?audioigniter_playlist_id=971\" data-display-track-no=\"true\" data-reverse-track-order=\"false\" data-display-tracklist-covers=\"true\" data-display-active-cover=\"true\" data-display-artist-names=\"true\" data-display-buy-buttons=\"false\" data-buy-buttons-target=\"false\" data-cycle-tracks=\"false\" data-display-credits=\"false\" data-display-tracklist=\"true\" data-allow-tracklist-toggle=\"true\" data-allow-tracklist-loop=\"true\" data-limit-tracklist-height=\"true\" data-volume=\"50\" data-tracklist-height=\"185\" ><\/div>\n\n\n\n<a id=\"Gala 2022\"><h2>Gala 2022<\/h2><\/a>\n\n\n\n<table>\n  <tbody><tr>\n    <td><a href=\"http:\/\/oasl.org\/new\/index.php\/videos\/#Gala 2022\">Les vid\u00e9os<\/a><\/td>\n    <td><a href=\"http:\/\/oasl.org\/new\/index.php\/photos\/#Gala 2022\">Les photos<\/a><\/td>\n  <\/tr>\n<\/tbody><\/table>\n\n\n<div id=\"audioigniter-484\" class=\"audioigniter-root \" data-player-type=\"full\" data-tracks-url=\"http:\/\/oasl.org\/new\/?audioigniter_playlist_id=484\" data-display-track-no=\"true\" data-reverse-track-order=\"false\" data-display-tracklist-covers=\"true\" data-display-active-cover=\"true\" data-display-artist-names=\"true\" data-display-buy-buttons=\"false\" data-buy-buttons-target=\"false\" data-cycle-tracks=\"false\" data-display-credits=\"false\" data-display-tracklist=\"true\" data-allow-tracklist-toggle=\"true\" data-allow-tracklist-loop=\"true\" data-limit-tracklist-height=\"true\" data-volume=\"50\" data-tracklist-height=\"185\" ><\/div>\n\n\n\n<a id=\"Gala 2019\"><h2>Gala 2019<\/h2><\/a>\n\n\n\n<table>\n  <tbody><tr>\n    <td><a href=\"http:\/\/oasl.org\/new\/index.php\/videos\/#Gala 2019\">Les vid\u00e9os<\/a><\/td>\n    <td><a href=\"http:\/\/oasl.org\/new\/index.php\/photos\/#Gala 2019\">Les photos<\/a><\/td>\n  <\/tr>\n<\/tbody><\/table>\n\n\n<div id=\"audioigniter-553\" class=\"audioigniter-root \" data-player-type=\"full\" data-tracks-url=\"http:\/\/oasl.org\/new\/?audioigniter_playlist_id=553\" data-display-track-no=\"true\" data-reverse-track-order=\"false\" data-display-tracklist-covers=\"true\" data-display-active-cover=\"true\" data-display-artist-names=\"true\" data-display-buy-buttons=\"true\" data-buy-buttons-target=\"true\" data-cycle-tracks=\"false\" data-display-credits=\"false\" data-display-tracklist=\"true\" data-allow-tracklist-toggle=\"true\" data-allow-tracklist-loop=\"true\" data-limit-tracklist-height=\"true\" data-volume=\"50\" data-tracklist-height=\"185\" ><\/div>\n\n\n\n<a id=\"Gala 2018\"><h2>Gala 2018<\/h2><\/a>\n\n\n\n<table>\n  <tbody><tr>\n    <td><a href=\"http:\/\/oasl.org\/new\/index.php\/videos\/#Gala 2018\">Les vid\u00e9os<\/a><\/td>\n    <td><a href=\"http:\/\/oasl.org\/new\/index.php\/photos\/#Gala 2018\">Les photos<\/a><\/td>\n  <\/tr>\n<\/tbody><\/table>\n\n\n<div id=\"audioigniter-701\" class=\"audioigniter-root \" data-player-type=\"full\" data-tracks-url=\"http:\/\/oasl.org\/new\/?audioigniter_playlist_id=701\" data-display-track-no=\"true\" data-reverse-track-order=\"false\" data-display-tracklist-covers=\"true\" data-display-active-cover=\"true\" data-display-artist-names=\"true\" data-display-buy-buttons=\"false\" data-buy-buttons-target=\"false\" data-cycle-tracks=\"false\" data-display-credits=\"false\" data-display-tracklist=\"true\" data-allow-tracklist-toggle=\"true\" data-allow-tracklist-loop=\"true\" data-limit-tracklist-height=\"true\" data-volume=\"50\" data-tracklist-height=\"185\" ><\/div>\n\n\n\n<a id=\"Gala 2017\"><h2>Gala 2017<\/h2><\/a>\n\n\n\n<table>\n  <tbody><tr>\n    <td><a href=\"http:\/\/oasl.org\/new\/index.php\/videos\/#Gala 2017\">Les vid\u00e9os<\/a><\/td>\n    <td><a href=\"http:\/\/oasl.org\/new\/index.php\/photos\/#Gala 2017\">Les photos<\/a><\/td>\n  <\/tr>\n<\/tbody><\/table>\n\n\n<div id=\"audioigniter-658\" class=\"audioigniter-root \" data-player-type=\"full\" data-tracks-url=\"http:\/\/oasl.org\/new\/?audioigniter_playlist_id=658\" data-display-track-no=\"true\" data-reverse-track-order=\"false\" data-display-tracklist-covers=\"true\" data-display-active-cover=\"true\" data-display-artist-names=\"true\" data-display-buy-buttons=\"false\" data-buy-buttons-target=\"false\" data-cycle-tracks=\"false\" data-display-credits=\"false\" data-display-tracklist=\"true\" data-allow-tracklist-toggle=\"true\" data-allow-tracklist-loop=\"true\" data-limit-tracklist-height=\"true\" data-volume=\"50\" data-tracklist-height=\"185\" ><\/div>\n\n\n\n<a id=\"Gala 2016\"><h2>Gala 2016<\/h2><\/a>\n\n\n\n<table>\n  <tbody><tr>\n    <td><a href=\"http:\/\/oasl.org\/new\/index.php\/videos\/#Gala 2016\">Les vid\u00e9os<\/a><\/td>\n    <td><a href=\"http:\/\/oasl.org\/new\/index.php\/photos\/#Gala 2016\">Les photos<\/a><\/td>\n  <\/tr>\n<\/tbody><\/table>\n\n\n<div id=\"audioigniter-685\" class=\"audioigniter-root \" data-player-type=\"full\" data-tracks-url=\"http:\/\/oasl.org\/new\/?audioigniter_playlist_id=685\" data-display-track-no=\"true\" data-reverse-track-order=\"false\" data-display-tracklist-covers=\"true\" data-display-active-cover=\"true\" data-display-artist-names=\"true\" data-display-buy-buttons=\"false\" data-buy-buttons-target=\"false\" data-cycle-tracks=\"false\" data-display-credits=\"false\" data-display-tracklist=\"true\" data-allow-tracklist-toggle=\"true\" data-allow-tracklist-loop=\"true\" data-limit-tracklist-height=\"true\" data-volume=\"50\" data-tracklist-height=\"185\" ><\/div>\n\n\n\n<a id=\"Gala 2013\"><h2>Gala 2013<\/h2><\/a>\n\n\n\n<table>\n  <tbody><tr>\n    <td><a href=\"http:\/\/oasl.org\/new\/index.php\/videos\/#Gala 2013\">Les vid\u00e9os<\/a><\/td>\n    <td><a href=\"http:\/\/oasl.org\/new\/index.php\/photos\/#Gala 2013\">Les photos<\/a><\/td>\n  <\/tr>\n<\/tbody><\/table>\n\n\n<div id=\"audioigniter-716\" class=\"audioigniter-root \" data-player-type=\"full\" data-tracks-url=\"http:\/\/oasl.org\/new\/?audioigniter_playlist_id=716\" data-display-track-no=\"true\" data-reverse-track-order=\"false\" data-display-tracklist-covers=\"true\" data-display-active-cover=\"true\" data-display-artist-names=\"true\" data-display-buy-buttons=\"false\" data-buy-buttons-target=\"false\" data-cycle-tracks=\"false\" data-display-credits=\"false\" data-display-tracklist=\"true\" data-allow-tracklist-toggle=\"true\" data-allow-tracklist-loop=\"true\" data-limit-tracklist-height=\"true\" data-volume=\"50\" data-tracklist-height=\"185\" ><\/div>\n\n\n\n<a id=\"Gala 2012\"><h2>Gala 2012<\/h2><\/a>\n\n\n\n<table>\n  <tbody><tr>\n    <td><a href=\"http:\/\/oasl.org\/new\/index.php\/videos\/#Gala 2012\">Les vid\u00e9os<\/a><\/td>\n    <td><a href=\"http:\/\/oasl.org\/new\/index.php\/photos\/#Gala 2012\">Les photos<\/a><\/td>\n  <\/tr>\n<\/tbody><\/table>\n\n\n<div id=\"audioigniter-729\" class=\"audioigniter-root \" data-player-type=\"full\" data-tracks-url=\"http:\/\/oasl.org\/new\/?audioigniter_playlist_id=729\" data-display-track-no=\"true\" data-reverse-track-order=\"false\" data-display-tracklist-covers=\"true\" data-display-active-cover=\"true\" data-display-artist-names=\"true\" data-display-buy-buttons=\"false\" data-buy-buttons-target=\"false\" data-cycle-tracks=\"false\" data-display-credits=\"false\" data-display-tracklist=\"true\" data-allow-tracklist-toggle=\"true\" data-allow-tracklist-loop=\"true\" data-limit-tracklist-height=\"true\" data-volume=\"50\" data-tracklist-height=\"185\" ><\/div>\n\n\n\n<a id=\"Gala 2011\"><h2>Gala 2011<\/h2><\/a>\n\n\n\n<table>\n  <tbody><tr>\n    <td><a href=\"http:\/\/oasl.org\/new\/index.php\/videos\/#Gala 2011\">Les vid\u00e9os<\/a><\/td>\n    <td><a href=\"http:\/\/oasl.org\/new\/index.php\/photos\/#Gala 2011\">Les photos<\/a><\/td>\n  <\/tr>\n<\/tbody><\/table>\n\n\n<div id=\"audioigniter-828\" class=\"audioigniter-root \" data-player-type=\"full\" data-tracks-url=\"http:\/\/oasl.org\/new\/?audioigniter_playlist_id=828\" data-display-track-no=\"true\" data-reverse-track-order=\"false\" data-display-tracklist-covers=\"true\" data-display-active-cover=\"true\" data-display-artist-names=\"true\" data-display-buy-buttons=\"false\" data-buy-buttons-target=\"false\" data-cycle-tracks=\"false\" data-display-credits=\"false\" data-display-tracklist=\"true\" data-allow-tracklist-toggle=\"true\" data-allow-tracklist-loop=\"true\" data-limit-tracklist-height=\"true\" data-volume=\"50\" data-tracklist-height=\"185\" ><\/div>\n\n\n\n<a id=\"Gala 2009\"><h2>Gala 2009<\/h2><\/a>\n\n\n\n<table>\n  <tbody><tr>\n    <td><a href=\"http:\/\/oasl.org\/new\/index.php\/videos\/#Gala 2009\">Les vid\u00e9os<\/a><\/td>\n    <td><a href=\"http:\/\/oasl.org\/new\/index.php\/photos\/#Gala 2009\">Les photos<\/a><\/td>\n  <\/tr>\n<\/tbody><\/table>\n\n\n<div id=\"audioigniter-739\" class=\"audioigniter-root \" data-player-type=\"full\" data-tracks-url=\"http:\/\/oasl.org\/new\/?audioigniter_playlist_id=739\" data-display-track-no=\"true\" data-reverse-track-order=\"false\" data-display-tracklist-covers=\"true\" data-display-active-cover=\"true\" data-display-artist-names=\"true\" data-display-buy-buttons=\"false\" data-buy-buttons-target=\"false\" data-cycle-tracks=\"false\" data-display-credits=\"false\" data-display-tracklist=\"true\" data-allow-tracklist-toggle=\"true\" data-allow-tracklist-loop=\"true\" data-limit-tracklist-height=\"true\" data-volume=\"50\" data-tracklist-height=\"185\" ><\/div>\n\n\n\n<a id=\"Festival Hargimont 2000\"><h2>Festival d&#8217;Hargimont 2000<\/h2><\/a>\n\n\n\n<table>\n  <tbody><tr>\n    <td><a href=\"http:\/\/oasl.org\/new\/index.php\/videos\/#Festival Hargimont 2000\">Les vid\u00e9os<\/a><\/td>\n    <td><a href=\"http:\/\/oasl.org\/new\/index.php\/photos\/#Festival Hargimont 2000\">Les photos<\/a><\/td>\n  <\/tr>\n<\/tbody><\/table>\n\n\n<div id=\"audioigniter-897\" class=\"audioigniter-root \" data-player-type=\"full\" data-tracks-url=\"http:\/\/oasl.org\/new\/?audioigniter_playlist_id=897\" data-display-track-no=\"true\" data-reverse-track-order=\"false\" data-display-tracklist-covers=\"true\" data-display-active-cover=\"true\" data-display-artist-names=\"true\" data-display-buy-buttons=\"true\" data-buy-buttons-target=\"true\" data-cycle-tracks=\"false\" data-display-credits=\"false\" data-display-tracklist=\"true\" data-allow-tracklist-toggle=\"true\" data-allow-tracklist-loop=\"true\" data-limit-tracklist-height=\"true\" data-volume=\"50\" data-tracklist-height=\"185\" ><\/div>\n","protected":false},"excerpt":{"rendered":"<p>Gala 2025 Les vid\u00e9os Les photos Gala 2024 Les vid\u00e9os Les photos Gala 2023 Les vid\u00e9os Les photos Gala 2022 Les vid\u00e9os Les photos Gala 2019 Les vid\u00e9os Les photos Gala 2018 Les vid\u00e9os Les photos Gala 2017 Les vid\u00e9os<\/p>\n","protected":false},"author":1,"featured_media":17,"parent":0,"menu_order":0,"comment_status":"closed","ping_status":"closed","template":"","meta":[],"_links":{"self":[{"href":"http:\/\/oasl.org\/new\/index.php\/wp-json\/wp\/v2\/pages\/115"}],"collection":[{"href":"http:\/\/oasl.org\/new\/index.php\/wp-json\/wp\/v2\/pages"}],"about":[{"href":"http:\/\/oasl.org\/new\/index.php\/wp-json\/wp\/v2\/types\/page"}],"author":[{"embeddable":true,"href":"http:\/\/oasl.org\/new\/index.php\/wp-json\/wp\/v2\/users\/1"}],"replies":[{"embeddable":true,"href":"http:\/\/oasl.org\/new\/index.php\/wp-json\/wp\/v2\/comments?post=115"}],"version-history":[{"count":41,"href":"http:\/\/oasl.org\/new\/index.php\/wp-json\/wp\/v2\/pages\/115\/revisions"}],"predecessor-version":[{"id":1177,"href":"http:\/\/oasl.org\/new\/index.php\/wp-json\/wp\/v2\/pages\/115\/revisions\/1177"}],"wp:featuredmedia":[{"embeddable":true,"href":"http:\/\/oasl.org\/new\/index.php\/wp-json\/wp\/v2\/media\/17"}],"wp:attachment":[{"href":"http:\/\/oasl.org\/new\/index.php\/wp-json\/wp\/v2\/media?parent=115"}],"curies":[{"name":"wp","href":"https:\/\/api.w.org\/{rel}","templated":true}]}}